{"id":92,"date":"2021-09-02T20:02:16","date_gmt":"2021-09-02T23:02:16","guid":{"rendered":"http:\/\/lcpabalnearios-com-br.umbler.net\/?page_id=92"},"modified":"2021-09-02T20:02:16","modified_gmt":"2021-09-02T23:02:16","slug":"objetivos","status":"publish","type":"page","link":"https:\/\/lcpabalnearios.com.br\/?page_id=92","title":{"rendered":"Objetivos"},"content":{"rendered":"\n<h3 class=\"wp-block-heading\">PROP\u00d3SITOS DOS LIONS CLUBES<\/h3>\n\n\n\n<h5 class=\"wp-block-heading\"><strong>ORGANIZAR,&nbsp;&nbsp;fundar&nbsp; e supervisionar&nbsp;&nbsp;clubes&nbsp; de servi\u00e7os &nbsp;a serem chamados&nbsp;de Lions Clubes.<\/strong><\/h5>\n\n\n\n<h5 class=\"wp-block-heading\"><strong>COORDENAR&nbsp;&nbsp;&nbsp;as &nbsp;atividades&nbsp; e&nbsp; padronizar &nbsp;a &nbsp;administra\u00e7\u00e3o&nbsp;&nbsp; de&nbsp;Lions clubes.<\/strong><\/h5>\n\n\n\n<h5 class=\"wp-block-heading\"><strong>CRIAR&nbsp; e&nbsp; fomentar um esp\u00edrito de compreens\u00e3o entre os &nbsp;povos da Terra.<\/strong><\/h5>\n\n\n\n<h5 class=\"wp-block-heading\"><strong>PROMOVER os princ\u00edpios do bom governo e boa cidadania.<\/strong><\/h5>\n\n\n\n<h5 class=\"wp-block-heading\"><strong>INTERESSAR-SE,&nbsp; ativamente,&nbsp; pelo bem estar&nbsp; c\u00edvico, cultural, social e moral da comunidade.<\/strong><\/h5>\n\n\n\n<h5 class=\"wp-block-heading\"><strong>UNIR&nbsp; os clubes pelos la\u00e7os da amizade,&nbsp; bom companheirismo&nbsp; e compreens\u00e3o rec\u00edproca.<\/strong><\/h5>\n\n\n\n<h5 class=\"wp-block-heading\"><strong>PROMOVER&nbsp;&nbsp;um &nbsp;f\u00f3rum&nbsp; para a livre&nbsp; discuss\u00e3o dos&nbsp; assuntos&nbsp; de&nbsp; interesse p\u00fablico, excetuando-se os assuntos de ordem pol\u00edtica&nbsp; e &nbsp;religiosa,&nbsp; os&nbsp; quais n\u00e3o devem ser discutidos pelos associados&nbsp;do clube.<\/strong><\/h5>\n\n\n\n<h5 class=\"wp-block-heading\"><strong>ENCORAJAR&nbsp;&nbsp;&nbsp;homens&nbsp; de&nbsp; mentalidade de servi\u00e7o a&nbsp; servir&nbsp; sua comunidades&nbsp; sem&nbsp; recompensa&nbsp; financeira &nbsp;pessoal,&nbsp; estimular&nbsp;&nbsp; a efici\u00eancia &nbsp;e&nbsp; promover&nbsp; elevado &nbsp;padr\u00e3o&nbsp; de&nbsp; \u00e9tica&nbsp; no &nbsp; com\u00e9rcio, ind\u00fastria, profiss\u00f5es,&nbsp;servi\u00e7os p\u00fablicos e empreendimentos privados.<\/strong><\/h5>\n\n\n\n<h5 class=\"wp-block-heading\"><strong>&nbsp;&nbsp;&nbsp;&nbsp;&nbsp;&nbsp;&nbsp;&nbsp;&nbsp;&nbsp;&nbsp;&nbsp;&nbsp;&nbsp;&nbsp;&nbsp;&nbsp;&nbsp;&nbsp;&nbsp;&nbsp;&nbsp;<\/strong>MOTE: &#8211; LIONS:&nbsp;<small><br>&nbsp;Liberdade, Igualdade, Ordem, Nacionalismo e Servi\u00e7o.<\/small><strong>LEMA<\/strong>&nbsp;:&nbsp;&nbsp; &#8221; N\u00d3S SERVIMOS&#8221;<\/h5>\n","protected":false},"excerpt":{"rendered":"<p>PROP\u00d3SITOS DOS LIONS CLUBES ORGANIZAR,&nbsp;&nbsp;fundar&nbsp; e supervisionar&nbsp;&nbsp;clubes&nbsp; de servi\u00e7os &nbsp;a serem chamados&nbsp;de Lions Clubes. COORDENAR&nbsp;&nbsp;&nbsp;as &nbsp;atividades&nbsp; e&nbsp; padronizar &nbsp;a &nbsp;administra\u00e7\u00e3o&nbsp;&nbsp; de&nbsp;Lions clubes. CRIAR&nbsp; e&nbsp; fomentar um esp\u00edrito de compreens\u00e3o entre os &nbsp;povos da Terra. PROMOVER os princ\u00edpios do bom governo e boa cidadania. INTERESSAR-SE,&nbsp; ativamente,&nbsp; pelo bem estar&nbsp; c\u00edvico, cultural, social e moral da comunidade. &hellip; <a href=\"https:\/\/lcpabalnearios.com.br\/?page_id=92\" class=\"more-link\">Continue reading <span class=\"screen-reader-text\">Objetivos<\/span><\/a><\/p>\n","protected":false},"author":1,"featured_media":0,"parent":0,"menu_order":0,"comment_status":"closed","ping_status":"closed","template":"","meta":{"footnotes":""},"_links":{"self":[{"href":"https:\/\/lcpabalnearios.com.br\/index.php?rest_route=\/wp\/v2\/pages\/92"}],"collection":[{"href":"https:\/\/lcpabalnearios.com.br\/index.php?rest_route=\/wp\/v2\/pages"}],"about":[{"href":"https:\/\/lcpabalnearios.com.br\/index.php?rest_route=\/wp\/v2\/types\/page"}],"author":[{"embeddable":true,"href":"https:\/\/lcpabalnearios.com.br\/index.php?rest_route=\/wp\/v2\/users\/1"}],"replies":[{"embeddable":true,"href":"https:\/\/lcpabalnearios.com.br\/index.php?rest_route=%2Fwp%2Fv2%2Fcomments&post=92"}],"version-history":[{"count":1,"href":"https:\/\/lcpabalnearios.com.br\/index.php?rest_route=\/wp\/v2\/pages\/92\/revisions"}],"predecessor-version":[{"id":93,"href":"https:\/\/lcpabalnearios.com.br\/index.php?rest_route=\/wp\/v2\/pages\/92\/revisions\/93"}],"wp:attachment":[{"href":"https:\/\/lcpabalnearios.com.br\/index.php?rest_route=%2Fwp%2Fv2%2Fmedia&parent=92"}],"curies":[{"name":"wp","href":"https:\/\/api.w.org\/{rel}","templated":true}]}}