{"id":2,"date":"2021-08-31T15:42:13","date_gmt":"2021-08-31T18:42:13","guid":{"rendered":"http:\/\/lcpabalnearios-com-br.umbler.net\/?page_id=2"},"modified":"2021-08-31T17:30:59","modified_gmt":"2021-08-31T20:30:59","slug":"pagina-exemplo","status":"publish","type":"page","link":"https:\/\/lcpabalnearios.com.br\/","title":{"rendered":"Bem Vindo!"},"content":{"rendered":"<p>FUNDA\u00c7\u00c3O: 29 DE JUNHO DE 1960<br \/>CARTA CONSTITUTIVA: 19 DE NOVEMBRO DE 1960<br \/>RECONHECIDO DE UTILIDADE P\u00daBLICA <br \/>LEI N\u00ba 5575, DE 17\/12\/1969<br \/>CGC: 74.875.618\/0001-31<br \/>N\u00daMERO: 16803<br \/>Presidente: CL Luciano Costa Mendes <br \/>REUNI\u00d5ES: 1\u00aa E 3\u00aa TER\u00c7AS FEIRAS<br \/>CLUBE JANGADEIROS: RUA ERNESTO PAIVA, 139 &#8211; TRISTEZA &#8211; PORTO &#8211; ALEGRE &#8211; RS <br \/>Associados: 29 &#8211; Ex Associados: 184<br \/>Clube Padrinho: LCPA Farrapos &#8211; Padrinhos Individuais: \u00canio Avelino da Rocha, Jo\u00e3o Alvarez Ribeiro e Jorge Englert &#8211; Clubes Afilhados: LCPOA Menino Deus e LC Viam\u00e3o Nossa Senhora da Aparecida.<\/p>\n<blockquote>\n<p>Associados: 29<\/p>\n<\/blockquote>\n<blockquote>\n<p>Ex Associados: 184<\/p>\n<\/blockquote>\n<p>Clube Padrinho: LCPA Farrapos &#8211; Padrinhos Individuais: \u00canio Avelino da Rocha, Jo\u00e3o Alvarez Ribeiro e Jorge Englert &#8211; Clubes Afilhados: LCPOA Menino Deus e LC Viam\u00e3o Nossa Senhora da Aparecida.<\/p>\n\n\n<p><\/p>\n","protected":false},"excerpt":{"rendered":"<p>FUNDA\u00c7\u00c3O: 29 DE JUNHO DE 1960CARTA CONSTITUTIVA: 19 DE NOVEMBRO DE 1960RECONHECIDO DE UTILIDADE P\u00daBLICA LEI N\u00ba 5575, DE 17\/12\/1969CGC: 74.875.618\/0001-31N\u00daMERO: 16803Presidente: CL Luciano Costa Mendes REUNI\u00d5ES: 1\u00aa E 3\u00aa TER\u00c7AS FEIRASCLUBE JANGADEIROS: RUA ERNESTO PAIVA, 139 &#8211; TRISTEZA &#8211; PORTO &#8211; ALEGRE &#8211; RS Associados: 29 &#8211; Ex Associados: 184Clube Padrinho: LCPA Farrapos &#8211; &hellip; <a href=\"https:\/\/lcpabalnearios.com.br\/\" class=\"more-link\">Continue reading <span class=\"screen-reader-text\">Bem Vindo!<\/span><\/a><\/p>\n","protected":false},"author":1,"featured_media":0,"parent":0,"menu_order":0,"comment_status":"closed","ping_status":"open","template":"","meta":{"footnotes":""},"_links":{"self":[{"href":"https:\/\/lcpabalnearios.com.br\/index.php?rest_route=\/wp\/v2\/pages\/2"}],"collection":[{"href":"https:\/\/lcpabalnearios.com.br\/index.php?rest_route=\/wp\/v2\/pages"}],"about":[{"href":"https:\/\/lcpabalnearios.com.br\/index.php?rest_route=\/wp\/v2\/types\/page"}],"author":[{"embeddable":true,"href":"https:\/\/lcpabalnearios.com.br\/index.php?rest_route=\/wp\/v2\/users\/1"}],"replies":[{"embeddable":true,"href":"https:\/\/lcpabalnearios.com.br\/index.php?rest_route=%2Fwp%2Fv2%2Fcomments&post=2"}],"version-history":[{"count":2,"href":"https:\/\/lcpabalnearios.com.br\/index.php?rest_route=\/wp\/v2\/pages\/2\/revisions"}],"predecessor-version":[{"id":12,"href":"https:\/\/lcpabalnearios.com.br\/index.php?rest_route=\/wp\/v2\/pages\/2\/revisions\/12"}],"wp:attachment":[{"href":"https:\/\/lcpabalnearios.com.br\/index.php?rest_route=%2Fwp%2Fv2%2Fmedia&parent=2"}],"curies":[{"name":"wp","href":"https:\/\/api.w.org\/{rel}","templated":true}]}}